{"id":3438,"date":"2017-03-24T23:41:08","date_gmt":"2017-03-24T22:41:08","guid":{"rendered":"http:\/\/import.pcc.xmedia1.de\/?page_id=3438"},"modified":"2025-09-16T14:17:29","modified_gmt":"2025-09-16T12:17:29","slug":"impressum","status":"publish","type":"page","link":"https:\/\/alt.pcc-fc.com\/shop\/impressum\/","title":{"rendered":"Impressum"},"content":{"rendered":"<h2>Impressum<\/h2>\n<p><strong>PCC FoliaConcept GmbH<\/strong><br \/>\nM\u00fchlenredder 21<br \/>\n24582 Bordesholm<\/p>\n<p>Gesch\u00e4ftsf\u00fchrer: Michael Hoppe<\/p>\n<p>Telefonnummer: +49 4322 6901-0<br \/>\nFaxnummer: +49 4322 6901-66<br \/>\nE-Mailadresse: info@pcc-fc.com<br \/>\nInternet: www.pcc-fc.com<\/p>\n<p>Registergericht &amp; Registernummer: Amtsgericht Kiel: 2436 RD<\/p>\n<p>Umsatzsteuer-Identifikationsnummer: DE 813 555 147<\/p>\n<p>Informationen zur Online-Streitbeilegung: Die EU-Kommission hat eine Internetplattform zur Online-Beilegung von Streitigkeiten (sog. \u201eOS-Plattform\u201c) geschaffen. Die OS-Plattform dient als Anlaufstelle zur au\u00dfergerichtlichen Beilegung von Streitigkeiten betreffend vertragliche Verpflichtungen, die aus Online-Kaufvertr\u00e4gen erwachsen. Die OS-Plattform ist unter dem folgenden Link zu erreichen: <a href=\"http:\/\/ec.europa.eu\/consumers\/odr\">http:\/\/ec.europa.eu\/consumers\/odr<\/a>.<\/p>\n<h3>Beschwerdeverfahren<\/h3>\n<p>Online-Streitbeilegung<br \/>\nDie Europ\u00e4ische Kommission stellt unter https:\/\/ec.europa.eu\/consumers\/odr\/ eine Plattform zur Online-Streitbeilegung bereit, die Verbraucher f\u00fcr die Beilegung einer Streitigkeit nutzen k\u00f6nnen und auf der weitere Informationen zum Thema Streitschlichtung zu finden sind.<\/p>\n<p>Au\u00dfergerichtliche Streitbeilegung<br \/>\nWir sind weder verpflichtet noch dazu bereit, im Falle einer Streitigkeit mit einem Verbraucher an einem Streitbeilegungsverfahren vor einer Verbraucherschlichtungsstelle teilzunehmen.<\/p>\n","protected":false},"excerpt":{"rendered":"<p>Impressum PCC FoliaConcept GmbH M\u00fchlenredder 21 24582 Bordesholm Gesch\u00e4ftsf\u00fchrer: Michael Hoppe Telefonnummer: +49 4322 6901-0 Faxnummer: +49 4322 6901-66 E-Mailadresse: info@pcc-fc.com Internet: www.pcc-fc.com Registergericht &amp; Registernummer: Amtsgericht Kiel: 2436 RD Umsatzsteuer-Identifikationsnummer: DE 813 555 147 Informationen zur Online-Streitbeilegung: Die EU-Kommission hat eine Internetplattform zur Online-Beilegung von Streitigkeiten (sog. \u201eOS-Plattform\u201c) geschaffen. Die OS-Plattform dient als Anlaufstelle [&hellip;]<\/p>\n","protected":false},"author":1,"featured_media":0,"parent":0,"menu_order":0,"comment_status":"closed","ping_status":"closed","template":"template-fullwidth.php","meta":{"content-type":"","footnotes":""},"class_list":["post-3438","page","type-page","status-publish","hentry"],"yoast_head":"<!-- This site is optimized with the Yoast SEO plugin v27.5 - https:\/\/yoast.com\/product\/yoast-seo-wordpress\/ -->\n<title>Impressum - PCC FoliaConcept GmbH<\/title>\n<meta name=\"robots\" content=\"noindex, nofollow\" \/>\n<meta property=\"og:locale\" content=\"de_DE\" \/>\n<meta property=\"og:type\" content=\"article\" \/>\n<meta property=\"og:title\" content=\"Impressum - PCC FoliaConcept GmbH\" \/>\n<meta property=\"og:description\" content=\"Impressum PCC FoliaConcept GmbH M\u00fchlenredder 21 24582 Bordesholm Gesch\u00e4ftsf\u00fchrer: Michael Hoppe Telefonnummer: +49 4322 6901-0 Faxnummer: +49 4322 6901-66 E-Mailadresse: info@pcc-fc.com Internet: www.pcc-fc.com Registergericht &amp; Registernummer: Amtsgericht Kiel: 2436 RD Umsatzsteuer-Identifikationsnummer: DE 813 555 147 Informationen zur Online-Streitbeilegung: Die EU-Kommission hat eine Internetplattform zur Online-Beilegung von Streitigkeiten (sog. \u201eOS-Plattform\u201c) geschaffen. Die OS-Plattform dient als Anlaufstelle [&hellip;]\" \/>\n<meta property=\"og:url\" content=\"https:\/\/alt.pcc-fc.com\/shop\/impressum\/\" \/>\n<meta property=\"og:site_name\" content=\"PCC FoliaConcept GmbH\" \/>\n<meta property=\"article:modified_time\" content=\"2025-09-16T12:17:29+00:00\" \/>\n<meta name=\"twitter:card\" content=\"summary_large_image\" \/>\n<meta name=\"twitter:label1\" content=\"Gesch\u00e4tzte Lesezeit\" \/>\n\t<meta name=\"twitter:data1\" content=\"1\u00a0Minute\" \/>\n<script type=\"application\/ld+json\" class=\"yoast-schema-graph\">{\"@context\":\"https:\\\/\\\/schema.org\",\"@graph\":[{\"@type\":\"WebPage\",\"@id\":\"https:\\\/\\\/alt.pcc-fc.com\\\/shop\\\/impressum\\\/\",\"url\":\"https:\\\/\\\/alt.pcc-fc.com\\\/shop\\\/impressum\\\/\",\"name\":\"Impressum - PCC FoliaConcept GmbH\",\"isPartOf\":{\"@id\":\"https:\\\/\\\/alt.pcc-fc.com\\\/shop\\\/#website\"},\"datePublished\":\"2017-03-24T22:41:08+00:00\",\"dateModified\":\"2025-09-16T12:17:29+00:00\",\"breadcrumb\":{\"@id\":\"https:\\\/\\\/alt.pcc-fc.com\\\/shop\\\/impressum\\\/#breadcrumb\"},\"inLanguage\":\"de\",\"potentialAction\":[{\"@type\":\"ReadAction\",\"target\":[\"https:\\\/\\\/alt.pcc-fc.com\\\/shop\\\/impressum\\\/\"]}]},{\"@type\":\"BreadcrumbList\",\"@id\":\"https:\\\/\\\/alt.pcc-fc.com\\\/shop\\\/impressum\\\/#breadcrumb\",\"itemListElement\":[{\"@type\":\"ListItem\",\"position\":1,\"name\":\"Startseite\",\"item\":\"https:\\\/\\\/alt.pcc-fc.com\\\/shop\\\/\"},{\"@type\":\"ListItem\",\"position\":2,\"name\":\"Impressum\"}]},{\"@type\":\"WebSite\",\"@id\":\"https:\\\/\\\/alt.pcc-fc.com\\\/shop\\\/#website\",\"url\":\"https:\\\/\\\/alt.pcc-fc.com\\\/shop\\\/\",\"name\":\"PCC FoliaConcept GmbH\",\"description\":\"Pro Customer Concept\",\"publisher\":{\"@id\":\"https:\\\/\\\/alt.pcc-fc.com\\\/shop\\\/#organization\"},\"potentialAction\":[{\"@type\":\"SearchAction\",\"target\":{\"@type\":\"EntryPoint\",\"urlTemplate\":\"https:\\\/\\\/alt.pcc-fc.com\\\/shop\\\/?s={search_term_string}\"},\"query-input\":{\"@type\":\"PropertyValueSpecification\",\"valueRequired\":true,\"valueName\":\"search_term_string\"}}],\"inLanguage\":\"de\"},{\"@type\":\"Organization\",\"@id\":\"https:\\\/\\\/alt.pcc-fc.com\\\/shop\\\/#organization\",\"name\":\"PCC FoliaConcept GmbH\",\"url\":\"https:\\\/\\\/alt.pcc-fc.com\\\/shop\\\/\",\"logo\":{\"@type\":\"ImageObject\",\"inLanguage\":\"de\",\"@id\":\"https:\\\/\\\/alt.pcc-fc.com\\\/shop\\\/#\\\/schema\\\/logo\\\/image\\\/\",\"url\":\"https:\\\/\\\/alt.pcc-fc.com\\\/shop\\\/wp-content\\\/uploads\\\/2017\\\/03\\\/cropped-PCC-Logo.jpg\",\"contentUrl\":\"https:\\\/\\\/alt.pcc-fc.com\\\/shop\\\/wp-content\\\/uploads\\\/2017\\\/03\\\/cropped-PCC-Logo.jpg\",\"width\":156,\"height\":110,\"caption\":\"PCC FoliaConcept GmbH\"},\"image\":{\"@id\":\"https:\\\/\\\/alt.pcc-fc.com\\\/shop\\\/#\\\/schema\\\/logo\\\/image\\\/\"}}]}<\/script>\n<!-- \/ Yoast SEO plugin. -->","yoast_head_json":{"title":"Impressum - PCC FoliaConcept GmbH","robots":{"index":"noindex","follow":"nofollow"},"og_locale":"de_DE","og_type":"article","og_title":"Impressum - PCC FoliaConcept GmbH","og_description":"Impressum PCC FoliaConcept GmbH M\u00fchlenredder 21 24582 Bordesholm Gesch\u00e4ftsf\u00fchrer: Michael Hoppe Telefonnummer: +49 4322 6901-0 Faxnummer: +49 4322 6901-66 E-Mailadresse: info@pcc-fc.com Internet: www.pcc-fc.com Registergericht &amp; Registernummer: Amtsgericht Kiel: 2436 RD Umsatzsteuer-Identifikationsnummer: DE 813 555 147 Informationen zur Online-Streitbeilegung: Die EU-Kommission hat eine Internetplattform zur Online-Beilegung von Streitigkeiten (sog. \u201eOS-Plattform\u201c) geschaffen. Die OS-Plattform dient als Anlaufstelle [&hellip;]","og_url":"https:\/\/alt.pcc-fc.com\/shop\/impressum\/","og_site_name":"PCC FoliaConcept GmbH","article_modified_time":"2025-09-16T12:17:29+00:00","twitter_card":"summary_large_image","twitter_misc":{"Gesch\u00e4tzte Lesezeit":"1\u00a0Minute"},"schema":{"@context":"https:\/\/schema.org","@graph":[{"@type":"WebPage","@id":"https:\/\/alt.pcc-fc.com\/shop\/impressum\/","url":"https:\/\/alt.pcc-fc.com\/shop\/impressum\/","name":"Impressum - PCC FoliaConcept GmbH","isPartOf":{"@id":"https:\/\/alt.pcc-fc.com\/shop\/#website"},"datePublished":"2017-03-24T22:41:08+00:00","dateModified":"2025-09-16T12:17:29+00:00","breadcrumb":{"@id":"https:\/\/alt.pcc-fc.com\/shop\/impressum\/#breadcrumb"},"inLanguage":"de","potentialAction":[{"@type":"ReadAction","target":["https:\/\/alt.pcc-fc.com\/shop\/impressum\/"]}]},{"@type":"BreadcrumbList","@id":"https:\/\/alt.pcc-fc.com\/shop\/impressum\/#breadcrumb","itemListElement":[{"@type":"ListItem","position":1,"name":"Startseite","item":"https:\/\/alt.pcc-fc.com\/shop\/"},{"@type":"ListItem","position":2,"name":"Impressum"}]},{"@type":"WebSite","@id":"https:\/\/alt.pcc-fc.com\/shop\/#website","url":"https:\/\/alt.pcc-fc.com\/shop\/","name":"PCC FoliaConcept GmbH","description":"Pro Customer Concept","publisher":{"@id":"https:\/\/alt.pcc-fc.com\/shop\/#organization"},"potentialAction":[{"@type":"SearchAction","target":{"@type":"EntryPoint","urlTemplate":"https:\/\/alt.pcc-fc.com\/shop\/?s={search_term_string}"},"query-input":{"@type":"PropertyValueSpecification","valueRequired":true,"valueName":"search_term_string"}}],"inLanguage":"de"},{"@type":"Organization","@id":"https:\/\/alt.pcc-fc.com\/shop\/#organization","name":"PCC FoliaConcept GmbH","url":"https:\/\/alt.pcc-fc.com\/shop\/","logo":{"@type":"ImageObject","inLanguage":"de","@id":"https:\/\/alt.pcc-fc.com\/shop\/#\/schema\/logo\/image\/","url":"https:\/\/alt.pcc-fc.com\/shop\/wp-content\/uploads\/2017\/03\/cropped-PCC-Logo.jpg","contentUrl":"https:\/\/alt.pcc-fc.com\/shop\/wp-content\/uploads\/2017\/03\/cropped-PCC-Logo.jpg","width":156,"height":110,"caption":"PCC FoliaConcept GmbH"},"image":{"@id":"https:\/\/alt.pcc-fc.com\/shop\/#\/schema\/logo\/image\/"}}]}},"_links":{"self":[{"href":"https:\/\/alt.pcc-fc.com\/shop\/wp-json\/wp\/v2\/pages\/3438","targetHints":{"allow":["GET"]}}],"collection":[{"href":"https:\/\/alt.pcc-fc.com\/shop\/wp-json\/wp\/v2\/pages"}],"about":[{"href":"https:\/\/alt.pcc-fc.com\/shop\/wp-json\/wp\/v2\/types\/page"}],"author":[{"embeddable":true,"href":"https:\/\/alt.pcc-fc.com\/shop\/wp-json\/wp\/v2\/users\/1"}],"replies":[{"embeddable":true,"href":"https:\/\/alt.pcc-fc.com\/shop\/wp-json\/wp\/v2\/comments?post=3438"}],"version-history":[{"count":5,"href":"https:\/\/alt.pcc-fc.com\/shop\/wp-json\/wp\/v2\/pages\/3438\/revisions"}],"predecessor-version":[{"id":225984,"href":"https:\/\/alt.pcc-fc.com\/shop\/wp-json\/wp\/v2\/pages\/3438\/revisions\/225984"}],"wp:attachment":[{"href":"https:\/\/alt.pcc-fc.com\/shop\/wp-json\/wp\/v2\/media?parent=3438"}],"curies":[{"name":"wp","href":"https:\/\/api.w.org\/{rel}","templated":true}]}}